 is the tens digit of (3 + -2)*-3*m?
2
Let b(f) = -10*f + 15. Suppose -4*n - 8 - 22 = 2*t, -9 = 2*n - 5*t. What is the units digit of b(n)?
5
Let c(q) be the second derivative of 1/2*q**4 - 3*q**2 + 1/3*q**3 + 4*q + 0 - 1/20*q**5. What is the units digit of c(6)?
6
Let y(x) = -136*x**3 - 2*x**2 - 4*x - 2. Let a be y(-1). Let v = -135 + a. What is the units digit of v?
1
Let q = -1704 + 2501. What is the units digit of q?
7
Let b(q) = q**3 - 2*q**2 - 3*q + 3. Let v be b(2). Let l be 0/(-2*(-3)/v). Suppose 102 = -l*s + 2*s. What is the units digit of s?
1
Let c(p) = -45*p**3 + p**2 + 2*p + 1. Let j be c(-1). Let t = 90 + -25. Let d = t - j. What is the tens digit of d?
2
Let d = -2 + 10. Let m(h) = -h**2 + 9*h - 6. Let g be m(d). Suppose 0*j = 2*j - g*c - 22, 4*j + c - 59 = 0. What is the units digit of j?
4
Let t = 1 + 641. What is the hundreds digit of t?
6
Let x(i) = 639*i**3 - 2*i**2 - i + 3. What is the tens digit of x(1)?
3
Let x(q) = 90*q + 10. What is the hundreds digit of x(6)?
5
Let z = -23 - -29. Suppose -9*r - z = -24. What is the tens digit of ((-76)/(-8))/(1/r)?
1
Let n = 5111 + -3246. What is the thousands digit of n?
1
Let g(f) = -f - 4. Let r be g(0). Let d be -2*r/(-16)*-2. What is the tens digit of 1/(d + (-31)/32)?
3
Let q(o) = -215*o**3 - 4*o**2 - o. What is the tens digit of q(-2)?
0
Let x be (-2 - -5) + (-2 - -5). Suppose -t - 2 + x = 0. Suppose 0 = -2*n - t*c + 54, -3*n + 0*c + 49 = -2*c. What is the tens digit of n?
1
Let p(l) = 17*l**2 - 40*l + 24. Let t(m) = 6*m**2 - 13*m + 8. Let q(u) = 3*p(u) - 8*t(u). What is the units digit of q(7)?
3
Suppose -4 + 2 = -t. Let h = t + 2. Suppose -2*k - 38 = -h*y, -3*y = -y + 3*k - 15. What is the units digit of y?
9
Let h be (6/4)/(1/(-4)). What is the units digit of (896/h)/(-8)*33/2?
8
Suppose 0 = 13*s - 9*s - 176. What is the units digit of s + 1 + 2/2?
6
Let a(d) be the first derivative of 5*d**4/4 + d**3/3 - d**2 + d - 4. Let q be a(1). Suppose -u + 2*n + q = -6, 52 = 4*u - 4*n. What is the tens digit of u?
1
Suppose 0 = -l - 58 + 646. What is the units digit of l?
8
Suppose 0 = -5*y - 8*l + 9890, -3*y = -14*l + 11*l - 5973. What is the hundreds digit of y?
9
Let k(g) = -26*g + 11. Let x be k(-14). Suppose -12*w + x = -17*w. Let d = -48 - w. What is the units digit of d?
7
What is the units digit of (3773/22 + 3)*22?
9
Let g(m) = -4*m**3 - 6*m + 3*m**3 - 4 - 5*m**2 - 1. Let u be g(-6). Let b = u + -11. What is the units digit of b?
6
Let b(u) = 745*u - 178. What is the tens digit of b(6)?
9
Let m(p) = p**3 + 10*p**2 + 20*p + 8. Let b(v) = v**3 + 10*v**2 + 21*v + 7. Let w(f) = 2*b(f) - 3*m(f). What is the units digit of w(-8)?
6
What is the thousands digit of (2 - (-9)/(-2))*(-32532)/30?
2
Let h be 4 + -7 + 2 + -6. Let k = -19 - h. What is the units digit of (k - -63) + (0 - 0)?
1
Let x(g) = -37 + g + 171*g**2 + 9*g - 170*g**2. What is the hundreds digit of x(-18)?
1
Suppose 15 = 4*y + 4*o - 17, -3*y + 14 = o. Suppose -22 = -2*q + 3*h + 2*h, -55 = -5*q - y*h. What is the units digit of q?
1
Suppose -h - d = 3*h - 11, -2*d + 13 = 5*h. What is the units digit of h?
3
What is the units digit of -1 + -1 - 3 - -512?
7
Suppose 5*k + 331 = -74. What is the units digit of 18/k - (-1606)/18?
9
Let v be (-16)/(-40) + 16/10. Suppose 0 = -5*k - r + 12, v*r + 3*r = 5*k - 30. Suppose p = 5*h - h - 64, -3*p = -k*h + 48. What is the tens digit of h?
1
Suppose 4*s - 38 + 50 = 0. Let o(q) = -42*q + 19. What is the tens digit of o(s)?
4
Let y(z) be the second derivative of 13/2*z**2 - 1/12*z**4 + 0 + 5*z + 7/6*z**3. What is the tens digit of y(7)?
1
Suppose -4*p = -2*b - 1114, -8*p + 4*b + 1116 = -4*p. What is the units digit of p?
8
Let w = 524 + 32. What is the tens digit of w?
5
Let v = 3 + 7. Let y = v - 1. Suppose y*f - 4*f - 95 = 0. What is the units digit of f?
9
Suppose -22*l + 21*l + 89 = -2*p, 2*l + 3*p - 185 = 0. What is the tens digit of l?
9
Let i(n) = n + 2. Let p be i(0). Suppose -p*k = -6*k - 2*x + 26, -k - 3*x - 6 = 0. Let u(h) = 2*h - 2. What is the tens digit of u(k)?
1
Let d(o) = -o**3 - 4*o**2 - 3*o - 6. Let h be d(-4). Let u be 32/h + 5/(-15). Suppose u*z - 22 = 3. What is the units digit of z?
5
Let g(v) = -26*v - 8. Let l be g(-2). Suppose 0 = c - 107 - l. What is the units digit of c?
1
Let p(b) = 3*b**2 - 66*b + 169. What is the tens digit of p(39)?
5
Let z = 11 + -6. Suppose 0*b - 4*b = -m - 18, 2*m + z*b = 3. Let f = m - -15. What is the units digit of f?
9
Let y(j) be the first derivative of j**3/3 - 9*j**2/2 + 3*j - 4. Let a be y(6). What is the units digit of (-99)/a + (-3)/5?
6
What is the tens digit of (-54)/(-45)*(-19860)/(-6)?
7
What is the units digit of ((-21)/1)/(((-135)/(-530))/(-9))?
2
Let k(y) = -y**3 + 8*y**2 - 7*y + 4. Let o be k(7). Let d(q) = 3 - 4*q - o*q**2 + 9*q**2 + 10*q**2 - 1. What is the tens digit of d(2)?
5
Suppose -a + u + 13 = 0, 0 = -6*a + 4*a + 5*u + 38. Suppose -7*p + 4*p = -a. Suppose 0 = -p*f + 27 + 75. What is the tens digit of f?
3
Let z = -29 - -25. Let o = 1 + z. What is the tens digit of o/1*(-13)/3?
1
Let n be -1 + 6 + -4 - 8. What is the tens digit of (-5491)/(-133) - (-2)/n?
4
Let n(h) = h**2 - 7*h - 5. Let a be n(8). Suppose 0 = r + 5*p + 24, 2*p - 3 = 2*r - 3*p. What is the units digit of r/(-2) - a/(-6)?
5
Let h(i) = -45*i - 161. What is the hundreds digit of h(-8)?
1
Suppose -2541 = -33*k + 12*k. What is the hundreds digit of k?
1
Suppose -70 = -5*l + 40. Suppose b - 2*j = -j + l, -3*j = -2*b + 49. What is the tens digit of b?
1
Let v be 106*3/18*3. Let k(w) = -2*w**2 + 37*w - 14. Let r be k(18). What is the units digit of v + (4 - r/1)?
3
Let f(n) = n**3 - 4*n**2 - 5*n. Let h be f(5). Suppose 3*l - q - 15 = h, -4*l + 0*l + q = -21. What is the units digit of l?
6
Let c = -13 - -13. Suppose c = -3*l - 3*h + 39, -5*h = 2*l - 7*l + 35. Suppose -2*j + l + 22 = 0. What is the units digit of j?
6
Let a = 18 + -16. Suppose 34 = n + 4*j, n - 98 = -n + a*j. What is the tens digit of n?
4
Suppose 4*p = p. Suppose p = -5*a + 117 + 3. What is the units digit of a?
4
Suppose 521*u - 526*u + 2485 = 0. What is the tens digit of u?
9
Suppose 72 = -4*u + 240. Let v = 100 - u. What is the tens digit of v?
5
Let q = 3993 - 2091. What is the thousands digit of q?
1
Let b = -130 - -203. What is the tens digit of b?
7
Let b(l) = -68*l + 189. What is the thousands digit of b(-15)?
1
Let p(i) = 3*i**2 - 5*i - 10. Let m be p(-5). Let d = 174 - m. What is the units digit of d?
4
Suppose 56*c = -c + 96786. What is the tens digit of c?
9
Suppose -2*i = -3*d - 1, 5*i + 5*d + 11 - 1 = 0. Let f(w) = -98*w**3 + 3*w**2 + 2*w. What is the tens digit of f(i)?
9
Let l = 16 - 7. Suppose -l = -j - 0. Suppose -35 = -3*o + 4*n + j, -o + n + 15 = 0. What is the tens digit of o?
1
What is the tens digit of 6/(-9) + (-40964)/(-57)?
1
Suppose 3*y = v - 5*v + 1893, 0 = -3*v - 2*y + 1420. What is the tens digit of v?
7
Let i be (1/2)/((-28)/56). Let a(r) = -56*r**3 - r**2 - 3*r - 2. What is the units digit of a(i)?
6
Suppose 90*w = 71*w + 36024. What is the hundreds digit of w?
8
Suppose 0*g = -g + 3*g. Suppose 4*u - 8*u + 256 = g. What is the units digit of u?
4
Suppose 7*c = 13*c - 18. Suppose -c*g + 204 = -5*d, 136 = g + g - 2*d. What is the tens digit of g?
6
What is the tens digit of ((-1)/3)/(6 - (-15409)/(-2568))?
5
Suppose 0 = 3*o + 6, 2*l + 12 = -0*l - 3*o. Let u be l/(-2)*(-2128)/(-21). Suppose 5*w + 4*s - 266 = 0, -4*w = -5*s - 69 - u. What is the tens digit of w?
5
Let n = 947 - -468. What is the hundreds digit of n?
4
Let t be ((-4)/6 - 2)*3/(-2). Suppose t*l - 338 + 26 = 0. What is the tens digit of l?
7
Let s = 286 + 128. What is the hundreds digit of s?
4
Let y(n) = -3*n + 5*n + 11*n**2 - 3*n. Let c be y(-1). Suppose 23 = s - c. What is the tens digit of s?
3
Suppose -5*s = -82 + 62. Suppose -3*k - 3*r = -546, -3*k - s*r + 155 = -390. What is the units digit of k?
3
Let s(w) = 7*w + 3. Suppose 5*m = 5*v + 2*m - 12, 4*m + 16 = -5*v. Suppose -3*u + 7 + 2 = v. What is the tens digit of s(u)?
2
Let h(z) = -6*z - 17. Let k = -457 + 282. Let j be 2400/k - (-4)/(-14). What is the units digit of h(j)?
7
Let o(d) = -3*d + 53. Let x = -2 - -2. What is the tens digit of o(x)?
5
Suppose 3*p - 5 = -2*p. Let h(w) = 4*w**3 - w**2. Let y be h(p). Suppose -59 = -0*u